ousands digit of w?
2
Suppose 68640 = 14*h + 19*h. What is the units digit of h?
0
Let j(w) = 2*w**3 - 2*w**2 - 6*w + 9. Let n = -21 - -23. Let r be j(n). Suppose 4*y + 30 = r*y. What is the tens digit of y?
3
Let l = -4 + 225. Suppose 6*x - l = 409. Suppose 6*f - f + n = 504, -f + 4*n = -x. What is the tens digit of f?
0
Suppose 0 = 5*g - 3*n - 4, 0*n = 5*g - 2*n - 6. Suppose 0 = -g*v + 35 - 9. Let r(j) = 2*j**2 - 20*j + 31. What is the tens digit of r(v)?
0
Let y = 394 + -382. Suppose -y*l - 7104 = -24*l. What is the units digit of l?
2
Suppose -2*t - 43 + 31 = 4*u, 0 = -5*u - 25. Suppose -2*d - 7*i + 4*i = -1099, 522 = d - t*i. What is the hundreds digit of d?
5
Suppose 0 = -12769*v + 12770*v - 2509. What is the units digit of v?
9
Suppose g = 2*v + 18655 + 25816, -8*v - 44507 = -g. What is the tens digit of g?
5
Suppose 3*y + 3*k - 51 = 0, 4*k + 34 + 24 = 5*y. Let w = y + -13. Let z(a) = 69*a - 2. What is the tens digit of z(w)?
6
Let m(k) = k**3 - 11*k**2 + 6*k + 17. Let s(j) = j**2 - 11*j + 2. Let q be s(10). Let f = q + 19. What is the tens digit of m(f)?
8
What is the ten thousands digit of 70/(-175) - (-439210)/25?
1
Let l = 264 + -56. Let n(k) = -2*k**2 - 4*k + 501. Let y be n(0). Let d = y - l. What is the units digit of d?
3
Let u(r) be the third derivative of r**5/10 + 11*r**4/12 + r**3/2 - 83*r**2. What is the hundreds digit of u(9)?
6
Let l(s) = s**3 - 7*s**2 - 17*s - 5. Let j be l(9). Suppose 0 = -j*p - 8 - 8. What is the units digit of 5535/105 + (p/7)/(-2)?
3
Suppose 19*d + 95788 = 30*d. What is the tens digit of d?
0
Suppose n + j - 6*j = 14, 2*n + 2*j = -32. Let q(w) = 2*w**2 - w + 44. What is the hundreds digit of q(n)?
2
Suppose 0 = -10*z - 8*z + 57233 + 6703. What is the thousands digit of z?
3
Let g = -22 + 25. Suppose g*p - 128 = p. Let z = p - -34. What is the units digit of z?
8
What is the hundreds digit of 6*1*8433/54?
9
Let j(y) = 2951*y - 109. What is the ten thousands digit of j(4)?
1
Let a be (-1)/(-1)*(-24 - -24). Suppose -3*w = -4*b - 1967, a*w + 1922 = 3*w + 5*b. What is the hundreds digit of w?
6
Let y be (25/(-5) - 0)*(-6)/(-2). Let x be ((-802)/(-6))/(0 - 5/y). Let g = -264 + x. What is the hundreds digit of g?
1
Suppose 0 = 5162*u - 5132*u - 407400. What is the units digit of u?
0
Let b = 63603 + -42404. What is the units digit of b?
9
Suppose 2*m - 3*q + 12 = 0, -2*q = 4*m - 0*m - 8. Suppose -2*d - 878 = -2*l, m*l + l + d = 447. What is the tens digit of l?
4
Let j(n) = 13*n - 64. Let b be j(5). What is the tens digit of 5/((-15)/(-1277)) + b/3?
2
Suppose 3*x - 34*q + 36*q = -15, -3*q = 0. What is the units digit of 1494/3 + -4 - (-3 - x)?
2
Let i(q) = q**3 - 17*q**2 + 29*q + 18. Let g be i(15). Let k be 16/(-20) - (0 - g/(-15)). What is the units digit of (k + 0)*1*-133?
3
Let v(a) = 33*a + 22. Let u be v(26). Let t = 2246 - u. What is the units digit of t?
6
Suppose 0 = -4*x - 3 + 7. Suppose 5*j + 0*j = u - 14, 2*u - j = x. What is the tens digit of (0 - -1)/(u/(-40))?
4
Suppose o - 2*g = 4352, -5*o = 4*g + g - 21730. What is the tens digit of o?
4
What is the tens digit of 9114 + -4*(-77)/22?
2
Let l(p) = -p**3 + 5*p**2 - 4*p - 2. Let d be l(2). Suppose -d*s + s - 1240 = -5*c, 2*c - 474 = -4*s. What is the units digit of c?
7
Let a be (1 + 11)*(13 + -7 - 7). What is the tens digit of 1/(-3)*a - (-3 - 315)?
2
What is the thousands digit of 0 - 116478/(-8) - -6*(-10)/(-240)?
4
Let p(y) = y**3 - 5*y**2 - 4*y - 7. Suppose 5 = -5*z + 35. Let n be p(z). Suppose j = -4*x + 572, -n*j - 122 = x - 2*x. What is the hundreds digit of x?
1
Let v = 11835 + -8136. What is the tens digit of v?
9
Suppose 0 = 2*y + 2*j - 11 + 17, 5*y = -j + 5. Suppose l = -4*a + 388, 0 = y*l - 8*a + 4*a - 764. What is the units digit of l?
4
Let u = -91 - -78. Let n(t) = -t**3 - 12*t**2 + 7*t + 27. Let w be n(u). What is the units digit of (2/(-3))/((-10)/w)?
7
Suppose -5*z - 677 = -6817. Suppose 2*q - z - 246 = 0. What is the hundreds digit of q?
7
Let p = 152 - 154. What is the hundreds digit of (1494/4)/(-3)*p?
2
Let i = 4556 - -11183. What is the thousands digit of i?
5
Suppose 5*b + 0 + 3 = j, 6 = 2*j - 4*b. Suppose 0 = 85*r - 72*r - 2054. Suppose -3*o + 2*n + r = -o, j*o + n = 245. What is the tens digit of o?
8
Let u(m) = 15*m**2 + 60*m + 333. What is the thousands digit of u(34)?
9
Let r = 41745 - 34263. What is the units digit of r?
2
Let s be 16/(((-3)/(-2) - 2)/(-14)). Let o = s + -270. Let x = -124 + o. What is the tens digit of x?
5
Let s be ((-5284)/(-12) + 2)*3. Suppose s = 9*a - 644. What is the units digit of a?
9
Let x be ((-10)/6)/(17/51). What is the units digit of x + 4 - (3 - 524)?
0
Let i = -1223 - -2763. Suppose 3*n - i = -0*n - 4*r, -1019 = -2*n + 5*r. What is the tens digit of n?
1
Let x = -207 - -225. Suppose -x*i + 5154 + 1488 = 0. What is the units digit of i?
9
Suppose 3*b + 3*d - 16185 = 0, -2*b + 3*d - 10786 = -4*b. What is the units digit of b?
9
Suppose -288*d - 71*d + 3438502 = 0. What is the thousands digit of d?
9
Let l = -14392 - -22802. What is the thousands digit of l?
8
Suppose -9 = -3*a, p - a = -0*a + 9. Let y = -14 + p. What is the tens digit of (14 + -34)/(((-1)/y)/(-1))?
4
Let q = 43 - 38. Suppose 0 = q*b, 3*a = -0*a - b + 294. Suppose 2*n - n = a. What is the units digit of n?
8
Suppose 5*x - 39127 = 5*o + 9468, -3*x - 2*o = -29152. What is the thousands digit of x?
9
Let h = -3738 - -13980. What is the ten thousands digit of h?
1
Suppose 22*v + 45*v - 1523781 = 0. What is the tens digit of v?
4
Suppose -b + 4980 = -3*n - 4455, 5*b = -n + 47191. What is the thousands digit of b?
9
Suppose -805*a + 791*a + 966 = 0. Let z(i) = 3*i**2 + 5*i - 9. Let s be z(6). Let f = s - a. What is the units digit of f?
0
Suppose 6*j - 5693 = 1903. Let v = -115 + j. What is the tens digit of v?
5
Let f be 51305/20 + 1 - 6/(-8). Let t = f - 1768. What is the units digit of t?
9
Suppose -p - 20 = -0*p + 2*v, -4*p - 28 = -5*v. Let b be -2 - (4 - 3)*p. What is the units digit of (16/b)/((-48)/(-1080))?
6
Suppose -682*n + 8123505 = -3760294 + 2674071. What is the hundreds digit of n?
5
Suppose 0*q - 15 = -5*q. Let i(t) = 57*t + 5. Let r be i(q). Suppose 4*x - 132 = r. What is the units digit of x?
7
Let u(m) be the first derivative of 7*m**3/3 + 33*m - 8. What is the hundreds digit of u(-9)?
6
Suppose -15*y + 9205 = -20*y. Let m = -251 - y. What is the tens digit of m?
9
Suppose -4*v + 5*b = -0*v - 2065, -4*v - 4*b = -2092. Let q = 358 + v. What is the hundreds digit of q?
8
Suppose -w + 3*h + 2677 = 0, 5399 = 2*w + 74*h - 71*h. What is the thousands digit of w?
2
Let g(q) = -1077*q**3 + 45*q**2 + 215*q + 44. What is the tens digit of g(-4)?
3
What is the tens digit of 5553/6*(-198)/(-27)?
8
What is the tens digit of (-2)/((-13)/(395681/22))?
6
Let n = 56322 + -35969. What is the units digit of n?
3
Let u(i) = 4*i**2 - i + 11. Let j(m) = 7*m - 6 - 4*m**2 - 2*m**2 + 5*m**2. Let w be j(2). What is the tens digit of u(w)?
7
Suppose 0 = 4*h - 3*j - 15508 + 1261, 0 = -5*j - 25. Suppose 40*d = h + 41802. What is the units digit of d?
4
Suppose 0 = -0*x + 5*x - 460. Let b = 71 + x. What is the units digit of b?
3
Suppose -131*d = 96*d - 1322048. What is the thousands digit of d?
5
Let t(w) = 1702*w**2 - 49*w + 2. What is the hundreds digit of t(-6)?
5
Let u be -4*6/((-120)/19355). Suppose 11*w - u = 8163. What is the hundreds digit of w?
0
Let j be (-4 - 11/(-2)) + (-30)/(-4). Suppose j*a = a + 984. What is the hundreds digit of a?
1
Suppose -14 = -6*n + 16. Let h be (-2)/(-12) + n/(-30). Suppose -4*c + 5*x + 200 = h, -x = -0*x + 4. What is the tens digit of c?
4
Let f(k) be the third derivative of 5*k**4/3 - 5*k**3/2 - 37*k**2. Let z be f(3). Suppose 5*t = 2*t + z. What is the units digit of t?
5
What is the ten thousands digit of 28/(-6)*(((-82330)/14 - -4) + -11)?
2
Let c(v) = 17*v**2 + 12. What is the hundreds digit of c(-4)?
2
Suppose 318*n - 135*n = 1958832. What is the ten thousands digit of n?
1
Suppose 26964 - 102740 = -14*l - 2*l. What is the thousands digit of l?
4
Let y = -380 + 389. What is the tens digit of -114*(51/(-6) - (y + -10))?
5
Let d = 4683 + -2078. What is the units digit of d?
5
Let y be (-6 - 16/(-20))*50/(-4). Suppose -5*j + 31 = 2*q, 2*q - q + 22 = 5*j. Suppose a + m + 2 = 17, 3*m = -j*